ctor of o and 18?
18
Let c = 56 + -37. Suppose 0 = -3*p + 4*p + 8. Let d(b) = 2*b**2 + 3*b - 9. Let o be d(p). Calculate the greatest common factor of o and c.
19
Let s be ((-24)/(-5))/(9/30). Let f(i) = -4*i - 1 - 3 + 0. Let b be f(-7). Calculate the highest common divisor of s and b.
8
Suppose -l + 3 + 18 = 0. Let z be (-16)/(-12)*l/2. Calculate the greatest common factor of z and 35.
7
Let n(a) = -a + 11. Let s be n(13). Let j be (-130)/(-11) - s/11. What is the greatest common factor of 4 and j?
4
Let c = -9 - -67. Calculate the highest common divisor of c and 145.
29
Let n(v) = -v**3 + 6*v**2 + 8*v - 6. Let q be n(6). What is the highest common divisor of q and 28?
14
Let k = -27 + 33. Calculate the greatest common factor of 54 and k.
6
Let s = -19 + 27. Calculate the greatest common factor of s and 24.
8
Suppose -12 = 4*h + 40. Let w = h - -31. What is the highest common factor of 9 and w?
9
Let p(s) = 3*s + 1. Let l be p(1). Let j be ((-7)/l)/(2/(-8)). Let y(q) = -q**2 + 7*q + 6. Let d be y(j). Calculate the highest common factor of 9 and d.
3
Let o(p) = p**3 - 5*p**2 + 4*p - 4. Let s be o(4). Let h(b) = b**3 + 3*b**2 - 4*b + 4. Let c be h(s). What is the highest common factor of c and 4?
4
Suppose 0 = -4*y, 4*y = r + 3*y + 4. Suppose 1 = 4*o - 39. Let h = r + o. Calculate the greatest common divisor of 15 and h.
3
Suppose 0 = 5*b + 38 - 338. What is the highest common factor of b and 24?
12
Suppose 4*j - j = 45. Suppose -4*x = 5*y - 46, -2*y + 5*y - j = -x. What is the highest common divisor of 27 and x?
9
Let t be (-2 - 0)/(0 - 1). Suppose -4 = 4*g, -5*s - 2*g + 0*g = -48. What is the highest common divisor of s and t?
2
Suppose -5 = -c - 2*y, -c - 3*y - y - 1 = 0. Calculate the greatest common divisor of c and 187.
11
Let s be 1947/9 + 2/(-6). Calculate the highest common divisor of s and 24.
24
Let c(v) = -v + 4. Let x be c(3). Suppose 0*b = b + 6. Let m(a) = -a**2 - 6*a + 4. Let p be m(b). What is the highest common divisor of x and p?
1
Let i(t) = t**2 + 14*t + 15. Let u be i(-11). Let h be 3/u - (-93)/18. What is the highest common divisor of 15 and h?
5
Let s be (-14)/(-4) + 12/(-8). Let g be 1 - (-1)/s*2. Suppose g*q = t + 2, -3*t - 1 = -4*q + 3. Calculate the highest common divisor of q and 2.
1
Suppose -4*g = 2*h - 10, 3*h - h - 4*g + 6 = 0. Let m be (-8 + h)*(2 - 3). Calculate the highest common divisor of 14 and m.
7
Let s = 111 - 64. What is the greatest common factor of 517 and s?
47
Let k(b) = b**3 - 9*b**2 + 26*b + 5. Let t be k(5). What is the greatest common divisor of t and 35?
35
Suppose -16 = -4*l, 27 = j + 7*l - 3*l. Calculate the greatest common factor of j and 11.
11
Let p be (-5)/(-5) + (-5 - -2). Let w = 12 - p. What is the greatest common factor of w and 112?
14
Suppose -5*f = -71 + 1. What is the greatest common divisor of f and 35?
7
Suppose -3*w + 4 = -w. Suppose -j = w*j. Suppose -3*p = 3*i - j*p - 48, 4*p = 5*i - 62. Calculate the greatest common divisor of 21 and i.
7
Let p be 4/2 - ((-14 - -3) + -1). Suppose 110 + 170 = 4*f. What is the highest common divisor of p and f?
14
Let z = -6 - -6. Suppose 0 = -u - z*u + t + 6, 24 = 5*u + t. What is the greatest common factor of u and 35?
5
Let g(h) = 12*h - 6. Let r be g(6). Let f be 14/(-3*(-4)/r). What is the greatest common divisor of f and 11?
11
Let y(i) = i**3 + 5*i**2 - 2*i + 5. Suppose -8 = -l - 13. Let x be y(l). What is the highest common factor of x and 6?
3
Let t be (-1)/3*(-175 + 25). Calculate the highest common divisor of 20 and t.
10
Let j = -116 + 164. Suppose 0 = -0*m - 3*m + 84. Let y = j - m. Calculate the highest common divisor of 4 and y.
4
Suppose 5 = 8*h - 3*h. Let v be h*3/6*14. Let f = 22 + -15. Calculate the greatest common divisor of f and v.
7
Let d = 16 + -10. What is the highest common divisor of 54 and d?
6
Let z = 2 - -3. Let v(l) = 2*l. Let k be v(z). Let g(x) = x + 7. Let q be g(k). What is the greatest common factor of 17 and q?
17
Let w = 21 + 0. Let r be 1/(-2) + (-2696)/(-16). What is the highest common factor of r and w?
21
Let c be (-1)/(4/6)*-2. Suppose 364 + 98 = 14*d. What is the greatest common factor of d and c?
3
Suppose -2*b - 138 = -3*x, 5*x - 5*b - 219 - 16 = 0. Let k = 90 - x. Suppose -5*j = -k - 9. What is the greatest common divisor of j and 1?
1
Let q = -8 - -14. Let b = q + 8. What is the highest common divisor of 98 and b?
14
Let k be 8/6 + 16/24. Suppose 37 = t + 4*u, 0 = -k*t - 3*u + 41 + 13. What is the greatest common factor of 42 and t?
21
Suppose -3*g + 4*d = -48, -81 = -4*g - 4*d - 17. What is the greatest common factor of g and 128?
16
Suppose 17 = 8*g + 1. Let q be 4/10*(8 + -3). Calculate the greatest common divisor of g and q.
2
Let h = -25 + 97. Calculate the highest common divisor of h and 8.
8
Let h be 20/5 + (67 - 1). Let f be 2/((1/(-2))/(-1)). Suppose k + 0 - 22 = 3*s, 5*s + 102 = f*k. Calculate the greatest common divisor of h and k.
14
Let z(k) = -k**3 + 11*k**2 - 10*k + 14. Let w be z(10). Calculate the highest common factor of w and 63.
7
Suppose 92*c = 89*c + 243. What is the highest common divisor of c and 9?
9
Let u(h) = h**3 - 17*h**2 + 15*h + 37. Let i be u(16). What is the greatest common factor of i and 189?
21
Let m = 6 - 1. Let g be 7 + -1 + 0 + -1. What is the highest common factor of m and g?
5
Let i = 17 - 8. Let s = -3 + i. Let g(y) = -4*y**3 + 2*y**2 - 2*y - 2. Let l be g(-2). What is the highest common divisor of s and l?
6
Let x be 4/((-4)/2) - -4. Calculate the greatest common divisor of x and 1.
1
Let s(x) = 5*x**2 - 4. Let v be s(5). Let g = v - 46. Calculate the greatest common divisor of g and 15.
15
Suppose 2 = f - r, 5*f + 5*r = -0*f - 30. Let s = f + 6. Suppose s*w - 82 - 58 = 0. What is the greatest common divisor of 14 and w?
7
Suppose -161 = -5*t + 3*f, -2*t + 6*f = 5*f - 65. What is the greatest common factor of 34 and t?
34
Suppose 4*y - 19 - 41 = -4*k, -5 = 2*k - 5*y. Let o = k + 5. What is the greatest common divisor of o and 3?
3
Let a = 109 + 17. Calculate the greatest common factor of a and 14.
14
Let z(d) = d**3 - 3*d**2 + 6*d + 2. Let m be z(3). Let g = 193 + -93. Calculate the highest common divisor of m and g.
20
Suppose 0 = 3*i + 2*h - 47, 3*i + h = -2*i + 76. Let b be (1 + -2)*i/(-1). What is the greatest common divisor of 150 and b?
15
Suppose -v + 299 = 2*u - 0, 5*v = 3*u - 481. What is the highest common factor of u and 8?
8
Let v = -34 + 38. Calculate the highest common divisor of v and 2.
2
Suppose 2*m + a + 7 + 7 = 0, -4*m - 5*a - 40 = 0. Let r = m + 9. Suppose 5*z = r*z + 13. Calculate the greatest common factor of z and 65.
13
Suppose -r = -14 + 2. Let c(h) = 60 + 2*h - h - 2*h. Let b be c(0). What is the greatest common factor of b and r?
12
Suppose -3*z - 3 = -57. Suppose -7 = -i + 2. What is the highest common divisor of i and z?
9
Let k = 27 + -4. What is the highest common factor of 92 and k?
23
Suppose v + 3*r = -r + 156, r = 2*v - 285. Let w = 56 + -40. Calculate the highest common factor of w and v.
16
Suppose -p = -0*p - 6. Suppose z - 1 = 4*k - 17, k - 4 = -5*z. Suppose 250 = k*v + 82. Calculate the greatest common factor of p and v.
6
Let m be 3/((-1)/(-2 - -1)). Suppose -m = -2*u + 15. What is the greatest common factor of 6 and u?
3
Let n be 1/(14/(-245))*4/(-5). Calculate the highest common factor of n and 14.
14
Suppose -2*j - 7 = 45. Let h = j + 41. Calculate the highest common divisor of h and 120.
15
Let p(k) = 8*k + 11. Let c be p(5). Calculate the greatest common factor of 17 and c.
17
Let b = -579 - -843. What is the greatest common factor of 24 and b?
24
Suppose 4*r + 3*i - 2*i = 15, 3*i + 3 = 4*r. Suppose -r*l = 15, 0 = 4*o - l - 3 - 2. Suppose o*z - 77 = -z. Calculate the greatest common divisor of 7 and z.
7
Suppose -36 = -7*i + 20. Calculate the highest common factor of 2 and i.
2
Suppose 4*w = z - 135 + 350, -2*z - 100 = -2*w. Calculate the highest common factor of w and 11.
11
Let l(i) = 13*i**3 + 3*i**2 - 2*i. Suppose -u + 1 = -2*u. Let c = u + 3. Let s be l(c). What is the greatest common divisor of 14 and s?
14
Let b = -8 - -11. Let x be (-10)/15*2*-3. Suppose 2*f - 4*u = -2, x*u = f + 4*f - 25. Calculate the greatest common divisor of f and b.
3
Let c(o) = -o**2 + 6*o + 7. Let p be c(5). Let y be -4*